{"id":5448,"date":"2017-08-19T10:15:25","date_gmt":"2017-08-19T06:15:25","guid":{"rendered":"https:\/\/carsandrooms.ge\/equipment\/"},"modified":"2025-12-10T13:42:35","modified_gmt":"2025-12-10T09:42:35","slug":"equipment","status":"publish","type":"page","link":"https:\/\/carsandrooms.ge\/pl\/equipment\/","title":{"rendered":"Sprz\u0119t"},"content":{"rendered":"<div class=\"wpb-content-wrapper\"><p>[vc_row][vc_column width=&#8221;1\/12&#8243;][\/vc_column][vc_column width=&#8221;10\/12&#8243;][vc_row_inner][vc_column_inner width=&#8221;1\/3&#8243;][vc_custom_heading text=&#8221;Fotelik dzieci\u0119cy dla niemowl\u0105t&#8221; font_container=&#8221;tag:h3|text_align:center|color:%23f0810f&#8221; use_theme_fonts=&#8221;yes&#8221;][vc_custom_heading text=&#8221;$5\/Dzie\u0144&#8221; font_container=&#8221;tag:h3|text_align:center|color:%234d4d4d&#8221; use_theme_fonts=&#8221;yes&#8221;][vc_single_image image=&#8221;4991&#8243; img_size=&#8221;full&#8221; alignment=&#8221;center&#8221; style=&#8221;vc_box_shadow&#8221;][vc_column_text]<\/p>\n<p style=\"text-align: center;\">Marka: Chicco,<br \/>\nDla dzieci o wadze 0-13 kg i wieku 0-12 miesi\u0119cy.<\/p>\n<p>[\/vc_column_text][\/vc_column_inner][vc_column_inner width=&#8221;1\/3&#8243;][vc_custom_heading text=&#8221;Fotelik dzieci\u0119cy dla malucha&#8221; font_container=&#8221;tag:h3|text_align:center|color:%23f0810f&#8221; use_theme_fonts=&#8221;yes&#8221;][vc_custom_heading text=&#8221;$5\/Dzie\u0144&#8221; font_container=&#8221;tag:h3|text_align:center|color:%234d4d4d&#8221; use_theme_fonts=&#8221;yes&#8221;][vc_single_image image=&#8221;4992&#8243; img_size=&#8221;full&#8221; alignment=&#8221;center&#8221; style=&#8221;vc_box_shadow&#8221;][vc_column_text]<\/p>\n<p style=\"text-align: center;\">Marka: Chicco, Dla dzieci o wadze 9-18 kg. Od 9 miesi\u0119cy do 4 lat.<br \/>\nMarka: Chicco, Dla dzieci o wadze 9-36 kg. Od 9 miesi\u0119cy do 7 lat.<\/p>\n<p>[\/vc_column_text][\/vc_column_inner][vc_column_inner width=&#8221;1\/3&#8243;][vc_custom_heading text=&#8221;Baga\u017cnika&#8221; font_container=&#8221;tag:h3|text_align:center|color:%23f0810f&#8221; use_theme_fonts=&#8221;yes&#8221;][vc_custom_heading text=&#8221;9 USD\/dzie\u0144&#8221; font_container=&#8221;tag:h3|text_align:center|color:%234d4d4d&#8221; use_theme_fonts=&#8221;yes&#8221;][vc_single_image image=&#8221;4993&#8243; img_size=&#8221;full&#8221; alignment=&#8221;center&#8221; style=&#8221;vc_box_shadow&#8221;][vc_column_text]<\/p>\n<p style=\"text-align: center;\">Marka: Thule.<br \/>\nWymiary: d\u0142ugo\u015b\u0107 195 cm, szeroko\u015b\u0107 70 cm, a wysoko\u015b\u0107 35 cm. Maksymalne ud\u017awigi 75 kg.<\/p>\n<p>[\/vc_column_text][\/vc_column_inner][\/vc_row_inner][\/vc_column][vc_column width=&#8221;1\/12&#8243;][\/vc_column][\/vc_row][vc_row][vc_column width=&#8221;1\/12&#8243;][\/vc_column][vc_column width=&#8221;10\/12&#8243;][vc_row_inner][vc_column_inner width=&#8221;1\/4&#8243;][vc_custom_heading text=&#8221;Kosz dachowy&#8221; font_container=&#8221;tag:h3|text_align:center|color:%23f0810f&#8221; use_theme_fonts=&#8221;yes&#8221;][vc_custom_heading text=&#8221;9 USD\/dzie\u0144&#8221; font_container=&#8221;tag:h3|text_align:center|color:%234d4d4d&#8221; use_theme_fonts=&#8221;yes&#8221;][vc_single_image image=&#8221;4994&#8243; img_size=&#8221;full&#8221; alignment=&#8221;center&#8221; style=&#8221;vc_box_shadow&#8221;][vc_column_text]<\/p>\n<p style=\"text-align: center;\">Materia\u0142 stal: 1,8 m d\u0142ugo\u015bci x 1,26 szeroko\u015bci<\/p>\n<p>[\/vc_column_text][\/vc_column_inner][vc_column_inner width=&#8221;1\/4&#8243;][vc_custom_heading text=&#8221;Uchwyt na narty&#8221; font_container=&#8221;tag:h3|text_align:center|color:%23f0810f&#8221; use_theme_fonts=&#8221;yes&#8221;][vc_custom_heading text=&#8221;8 USD\/Dzie\u0144&#8221; font_container=&#8221;tag:h3|text_align:center|color:%234d4d4d&#8221; use_theme_fonts=&#8221;yes&#8221;][vc_single_image image=&#8221;4995&#8243; img_size=&#8221;full&#8221; alignment=&#8221;center&#8221; style=&#8221;vc_box_shadow&#8221;][vc_column_text]<\/p>\n<p style=\"text-align: center;\">Marka: Thule. Na 2-4 pary nart lub desek snowboardowych.<\/p>\n<p>[\/vc_column_text][\/vc_column_inner][vc_column_inner width=&#8221;1\/4&#8243;][vc_custom_heading text=&#8221;Uchwyty rowerowe&#8221; font_container=&#8221;tag:h3|text_align:center|color:%23f0810f&#8221; use_theme_fonts=&#8221;yes&#8221;][vc_custom_heading text=&#8221;$5\/Dzie\u0144&#8221; font_container=&#8221;tag:h3|text_align:center|color:%234d4d4d&#8221; use_theme_fonts=&#8221;yes&#8221;][vc_single_image image=&#8221;5000&#8243; img_size=&#8221;full&#8221; alignment=&#8221;center&#8221; style=&#8221;vc_box_shadow&#8221;][vc_column_text]<\/p>\n<p style=\"text-align: center;\">Baga\u017cnik rowerowy do samochod\u00f3w. Pojemno\u015b\u0107: trzy rowery.<\/p>\n<p>[\/vc_column_text][\/vc_column_inner][vc_column_inner width=&#8221;1\/4&#8243;][vc_custom_heading text=&#8221;\u0141a\u0144cuchy \u015bniegowe&#8221; font_container=&#8221;tag:h3|text_align:center|color:%23f0810f&#8221; use_theme_fonts=&#8221;yes&#8221;][vc_custom_heading text=&#8221;$4\/Dzie\u0144&#8221; font_container=&#8221;tag:h3|text_align:center|color:%234d4d4d&#8221; use_theme_fonts=&#8221;yes&#8221;][vc_single_image image=&#8221;4996&#8243; img_size=&#8221;full&#8221; alignment=&#8221;center&#8221; style=&#8221;vc_box_shadow&#8221;][vc_column_text]<\/p>\n<p style=\"text-align: center;\">Do ka\u017cdego rozmiaru opon<\/p>\n<p>[\/vc_column_text][\/vc_column_inner][\/vc_row_inner][\/vc_column][vc_column width=&#8221;1\/12&#8243;][\/vc_column][\/vc_row][vc_row][vc_column width=&#8221;1\/12&#8243;][\/vc_column][vc_column width=&#8221;10\/12&#8243;][vc_row_inner][vc_column_inner width=&#8221;1\/4&#8243;][vc_custom_heading text=&#8221;Medyczny w\u00f3zek inwalidzki&#8221; font_container=&#8221;tag:h3|text_align:center|color:%23f0810f&#8221; use_theme_fonts=&#8221;yes&#8221;][vc_custom_heading text=&#8221;15 USD\/Dzie\u0144&#8221; font_container=&#8221;tag:h3|text_align:center|color:%234d4d4d&#8221; use_theme_fonts=&#8221;yes&#8221;][vc_single_image image=&#8221;5012&#8243; img_size=&#8221;full&#8221; alignment=&#8221;center&#8221; style=&#8221;vc_box_shadow&#8221;][vc_column_text]<\/p>\n<p style=\"text-align: center;\">Marka: Drive Medical; Styl: odchylane podn\u00f3\u017cki; Ud\u017awig: 113,3 kg;<br \/>\nWymiary produktu: D\u0142ugo\u015b\u0107: 91,44 cm; Szeroko\u015b\u0107: 60,96 cm; Wysoko\u015b\u0107: 106,68 cm.<br \/>\nSiedzisko: 40, g\u0142\u0119boko\u015b\u0107 64 cm; szeroko\u015b\u0107 45,72 cm;<br \/>\nPod\u0142okietnik: 20,32 cm wysoko\u015bci. Waga produktu: 18 kg.<\/p>\n<p>[\/vc_column_text][\/vc_column_inner][vc_column_inner width=&#8221;1\/4&#8243;][vc_custom_heading text=&#8221;Holownik (do 2 m d\u0142ugo\u015bci)&#8221; font_container=&#8221;tag:h3|text_align:center|color:%23f0810f&#8221; use_theme_fonts=&#8221;yes&#8221;][vc_custom_heading text=&#8221;$2\/Dzie\u0144&#8221; font_container=&#8221;tag:h3|text_align:center|color:%234d4d4d&#8221; use_theme_fonts=&#8221;yes&#8221;][vc_single_image image=&#8221;4997&#8243; img_size=&#8221;full&#8221; alignment=&#8221;center&#8221; style=&#8221;vc_box_shadow&#8221;][\/vc_column_inner][vc_column_inner width=&#8221;1\/4&#8243;][vc_custom_heading text=&#8221;Odtwarzacz MP3&#8243; font_container=&#8221;tag:h3|text_align:center|color:%23f0810f&#8221; use_theme_fonts=&#8221;yes&#8221;][vc_custom_heading text=&#8221;WOLNY&#8221; font_container=&#8221;tag:h3|text_align:center|color:%234d4d4d&#8221; use_theme_fonts=&#8221;yes&#8221;][vc_single_image image=&#8221;4998&#8243; img_size=&#8221;full&#8221; alignment=&#8221;center&#8221; style=&#8221;vc_box_shadow&#8221;][\/vc_column_inner][vc_column_inner width=&#8221;1\/4&#8243;][vc_custom_heading text=&#8221;\u0141adowarka do telefonu&#8221; font_container=&#8221;tag:h3|text_align:center|color:%23f0810f&#8221; use_theme_fonts=&#8221;yes&#8221;][vc_custom_heading text=&#8221;WOLNY&#8221; font_container=&#8221;tag:h3|text_align:center|color:%234d4d4d&#8221; use_theme_fonts=&#8221;yes&#8221;][vc_single_image image=&#8221;4999&#8243; img_size=&#8221;full&#8221; alignment=&#8221;center&#8221; style=&#8221;vc_box_shadow&#8221;][\/vc_column_inner][\/vc_row_inner][\/vc_column][vc_column width=&#8221;1\/12&#8243;][\/vc_column][\/vc_row][vc_row][vc_column][vc_empty_space height=&#8221;64px&#8221;][\/vc_column][\/vc_row]<\/p>\n<\/div>","protected":false},"excerpt":{"rendered":"<p>Sprz\u0119t &#8211; Nawigator GPS ju\u017c za $4\/dzie\u0144. Skorzystaj z naszej oferty!<\/p>\n","protected":false},"author":1,"featured_media":0,"parent":0,"menu_order":0,"comment_status":"closed","ping_status":"closed","template":"homepage.php","meta":{"footnotes":""},"class_list":["post-5448","page","type-page","status-publish","hentry"],"_links":{"self":[{"href":"https:\/\/carsandrooms.ge\/pl\/wp-json\/wp\/v2\/pages\/5448","targetHints":{"allow":["GET"]}}],"collection":[{"href":"https:\/\/carsandrooms.ge\/pl\/wp-json\/wp\/v2\/pages"}],"about":[{"href":"https:\/\/carsandrooms.ge\/pl\/wp-json\/wp\/v2\/types\/page"}],"author":[{"embeddable":true,"href":"https:\/\/carsandrooms.ge\/pl\/wp-json\/wp\/v2\/users\/1"}],"replies":[{"embeddable":true,"href":"https:\/\/carsandrooms.ge\/pl\/wp-json\/wp\/v2\/comments?post=5448"}],"version-history":[{"count":25,"href":"https:\/\/carsandrooms.ge\/pl\/wp-json\/wp\/v2\/pages\/5448\/revisions"}],"predecessor-version":[{"id":13488,"href":"https:\/\/carsandrooms.ge\/pl\/wp-json\/wp\/v2\/pages\/5448\/revisions\/13488"}],"wp:attachment":[{"href":"https:\/\/carsandrooms.ge\/pl\/wp-json\/wp\/v2\/media?parent=5448"}],"curies":[{"name":"wp","href":"https:\/\/api.w.org\/{rel}","templated":true}]}}

Sprzęt

<div class="wpb-content-wrapper"><p>[vc_row][vc_column width=&#8221;1/12&#8243;][/vc_column][vc_column width=&#8221;10/12&#8243;][vc_row_inner][vc_column_inner width=&#8221;1/3&#8243;][vc_custom_heading text=&#8221;Fotelik dziecięcy dla niemowląt&#8221; font_container=&#8221;tag:h3|text_align:center|color:%23f0810f&#8221; use_theme_fonts=&#8221;yes&#8221;][vc_custom_heading text=&#8221;$5/Dzień&#8221; font_container=&#8221;tag:h3|text_align:center|color:%234d4d4d&#8221; use_theme_fonts=&#8221;yes&#8221;][vc_single_image image=&#8221;4991&#8243; img_size=&#8221;full&#8221; alignment=&#8221;center&#8221; style=&#8221;vc_box_shadow&#8221;][vc_column_text]</p>
<p style="text-align: center;">Marka: Chicco,<br />
Dla dzieci o wadze 0-13 kg i wieku 0-12 miesięcy.</p>
<p>[/vc_column_text][/vc_column_inner][vc_column_inner width=&#8221;1/3&#8243;][vc_custom_heading text=&#8221;Fotelik dziecięcy dla malucha&#8221; font_container=&#8221;tag:h3|text_align:center|color:%23f0810f&#8221; use_theme_fonts=&#8221;yes&#8221;][vc_custom_heading text=&#8221;$5/Dzień&#8221; font_container=&#8221;tag:h3|text_align:center|color:%234d4d4d&#8221; use_theme_fonts=&#8221;yes&#8221;][vc_single_image image=&#8221;4992&#8243; img_size=&#8221;full&#8221; alignment=&#8221;center&#8221; style=&#8221;vc_box_shadow&#8221;][vc_column_text]</p>
<p style="text-align: center;">Marka: Chicco, Dla dzieci o wadze 9-18 kg. Od 9 miesięcy do 4 lat.<br />
Marka: Chicco, Dla dzieci o wadze 9-36 kg. Od 9 miesięcy do 7 lat.</p>
<p>[/vc_column_text][/vc_column_inner][vc_column_inner width=&#8221;1/3&#8243;][vc_custom_heading text=&#8221;Bagażnika&#8221; font_container=&#8221;tag:h3|text_align:center|color:%23f0810f&#8221; use_theme_fonts=&#8221;yes&#8221;][vc_custom_heading text=&#8221;9 USD/dzień&#8221; font_container=&#8221;tag:h3|text_align:center|color:%234d4d4d&#8221; use_theme_fonts=&#8221;yes&#8221;][vc_single_image image=&#8221;4993&#8243; img_size=&#8221;full&#8221; alignment=&#8221;center&#8221; style=&#8221;vc_box_shadow&#8221;][vc_column_text]</p>
<p style="text-align: center;">Marka: Thule.<br />
Wymiary: długość 195 cm, szerokość 70 cm, a wysokość 35 cm. Maksymalne udźwigi 75 kg.</p>
<p>[/vc_column_text][/vc_column_inner][/vc_row_inner][/vc_column][vc_column width=&#8221;1/12&#8243;][/vc_column][/vc_row][vc_row][vc_column width=&#8221;1/12&#8243;][/vc_column][vc_column width=&#8221;10/12&#8243;][vc_row_inner][vc_column_inner width=&#8221;1/4&#8243;][vc_custom_heading text=&#8221;Kosz dachowy&#8221; font_container=&#8221;tag:h3|text_align:center|color:%23f0810f&#8221; use_theme_fonts=&#8221;yes&#8221;][vc_custom_heading text=&#8221;9 USD/dzień&#8221; font_container=&#8221;tag:h3|text_align:center|color:%234d4d4d&#8221; use_theme_fonts=&#8221;yes&#8221;][vc_single_image image=&#8221;4994&#8243; img_size=&#8221;full&#8221; alignment=&#8221;center&#8221; style=&#8221;vc_box_shadow&#8221;][vc_column_text]</p>
<p style="text-align: center;">Materiał stal: 1,8 m długości x 1,26 szerokości</p>
<p>[/vc_column_text][/vc_column_inner][vc_column_inner width=&#8221;1/4&#8243;][vc_custom_heading text=&#8221;Uchwyt na narty&#8221; font_container=&#8221;tag:h3|text_align:center|color:%23f0810f&#8221; use_theme_fonts=&#8221;yes&#8221;][vc_custom_heading text=&#8221;8 USD/Dzień&#8221; font_container=&#8221;tag:h3|text_align:center|color:%234d4d4d&#8221; use_theme_fonts=&#8221;yes&#8221;][vc_single_image image=&#8221;4995&#8243; img_size=&#8221;full&#8221; alignment=&#8221;center&#8221; style=&#8221;vc_box_shadow&#8221;][vc_column_text]</p>
<p style="text-align: center;">Marka: Thule. Na 2-4 pary nart lub desek snowboardowych.</p>
<p>[/vc_column_text][/vc_column_inner][vc_column_inner width=&#8221;1/4&#8243;][vc_custom_heading text=&#8221;Uchwyty rowerowe&#8221; font_container=&#8221;tag:h3|text_align:center|color:%23f0810f&#8221; use_theme_fonts=&#8221;yes&#8221;][vc_custom_heading text=&#8221;$5/Dzień&#8221; font_container=&#8221;tag:h3|text_align:center|color:%234d4d4d&#8221; use_theme_fonts=&#8221;yes&#8221;][vc_single_image image=&#8221;5000&#8243; img_size=&#8221;full&#8221; alignment=&#8221;center&#8221; style=&#8221;vc_box_shadow&#8221;][vc_column_text]</p>
<p style="text-align: center;">Bagażnik rowerowy do samochodów. Pojemność: trzy rowery.</p>
<p>[/vc_column_text][/vc_column_inner][vc_column_inner width=&#8221;1/4&#8243;][vc_custom_heading text=&#8221;Łańcuchy śniegowe&#8221; font_container=&#8221;tag:h3|text_align:center|color:%23f0810f&#8221; use_theme_fonts=&#8221;yes&#8221;][vc_custom_heading text=&#8221;$4/Dzień&#8221; font_container=&#8221;tag:h3|text_align:center|color:%234d4d4d&#8221; use_theme_fonts=&#8221;yes&#8221;][vc_single_image image=&#8221;4996&#8243; img_size=&#8221;full&#8221; alignment=&#8221;center&#8221; style=&#8221;vc_box_shadow&#8221;][vc_column_text]</p>
<p style="text-align: center;">Do każdego rozmiaru opon</p>
<p>[/vc_column_text][/vc_column_inner][/vc_row_inner][/vc_column][vc_column width=&#8221;1/12&#8243;][/vc_column][/vc_row][vc_row][vc_column width=&#8221;1/12&#8243;][/vc_column][vc_column width=&#8221;10/12&#8243;][vc_row_inner][vc_column_inner width=&#8221;1/4&#8243;][vc_custom_heading text=&#8221;Medyczny wózek inwalidzki&#8221; font_container=&#8221;tag:h3|text_align:center|color:%23f0810f&#8221; use_theme_fonts=&#8221;yes&#8221;][vc_custom_heading text=&#8221;15 USD/Dzień&#8221; font_container=&#8221;tag:h3|text_align:center|color:%234d4d4d&#8221; use_theme_fonts=&#8221;yes&#8221;][vc_single_image image=&#8221;5012&#8243; img_size=&#8221;full&#8221; alignment=&#8221;center&#8221; style=&#8221;vc_box_shadow&#8221;][vc_column_text]</p>
<p style="text-align: center;">Marka: Drive Medical; Styl: odchylane podnóżki; Udźwig: 113,3 kg;<br />
Wymiary produktu: Długość: 91,44 cm; Szerokość: 60,96 cm; Wysokość: 106,68 cm.<br />
Siedzisko: 40, głębokość 64 cm; szerokość 45,72 cm;<br />
Podłokietnik: 20,32 cm wysokości. Waga produktu: 18 kg.</p>
<p>[/vc_column_text][/vc_column_inner][vc_column_inner width=&#8221;1/4&#8243;][vc_custom_heading text=&#8221;Holownik (do 2 m długości)&#8221; font_container=&#8221;tag:h3|text_align:center|color:%23f0810f&#8221; use_theme_fonts=&#8221;yes&#8221;][vc_custom_heading text=&#8221;$2/Dzień&#8221; font_container=&#8221;tag:h3|text_align:center|color:%234d4d4d&#8221; use_theme_fonts=&#8221;yes&#8221;][vc_single_image image=&#8221;4997&#8243; img_size=&#8221;full&#8221; alignment=&#8221;center&#8221; style=&#8221;vc_box_shadow&#8221;][/vc_column_inner][vc_column_inner width=&#8221;1/4&#8243;][vc_custom_heading text=&#8221;Odtwarzacz MP3&#8243; font_container=&#8221;tag:h3|text_align:center|color:%23f0810f&#8221; use_theme_fonts=&#8221;yes&#8221;][vc_custom_heading text=&#8221;WOLNY&#8221; font_container=&#8221;tag:h3|text_align:center|color:%234d4d4d&#8221; use_theme_fonts=&#8221;yes&#8221;][vc_single_image image=&#8221;4998&#8243; img_size=&#8221;full&#8221; alignment=&#8221;center&#8221; style=&#8221;vc_box_shadow&#8221;][/vc_column_inner][vc_column_inner width=&#8221;1/4&#8243;][vc_custom_heading text=&#8221;Ładowarka do telefonu&#8221; font_container=&#8221;tag:h3|text_align:center|color:%23f0810f&#8221; use_theme_fonts=&#8221;yes&#8221;][vc_custom_heading text=&#8221;WOLNY&#8221; font_container=&#8221;tag:h3|text_align:center|color:%234d4d4d&#8221; use_theme_fonts=&#8221;yes&#8221;][vc_single_image image=&#8221;4999&#8243; img_size=&#8221;full&#8221; alignment=&#8221;center&#8221; style=&#8221;vc_box_shadow&#8221;][/vc_column_inner][/vc_row_inner][/vc_column][vc_column width=&#8221;1/12&#8243;][/vc_column][/vc_row][vc_row][vc_column][vc_empty_space height=&#8221;64px&#8221;][/vc_column][/vc_row]</p>
</div>

<p>Sprzęt &#8211; Nawigator GPS już za $4/dzień. Skorzystaj z naszej oferty!</p>
